mber?
True
Is 185143 composite?
True
Is 102761 composite?
False
Is 34205 composite?
True
Is 14173 prime?
True
Is 10417 prime?
False
Is 2743571 a composite number?
False
Is 31219 composite?
False
Is 11863 composite?
False
Is 14699 a prime number?
True
Is 137338 composite?
True
Is 4784669 prime?
True
Is 218737 composite?
False
Is 6485 a composite number?
True
Is 48903 prime?
False
Is 367999 a composite number?
True
Is 122137 prime?
False
Is 145 composite?
True
Is 91947 a prime number?
False
Is 11597 a composite number?
False
Is 68251 a composite number?
True
Is 1181189 a prime number?
False
Is 382037 a prime number?
True
Is 3341 a prime number?
False
Is 104459 prime?
True
Is 538871 a composite number?
False
Is 877 a prime number?
True
Is 544717 a composite number?
False
Is 45659 a prime number?
True
Is 4621 a composite number?
False
Is 3158 a prime number?
False
Is 16729 composite?
False
Is 1106429 prime?
True
Is 6467653 prime?
True
Is 7451 a prime number?
True
Is 169331 a prime number?
False
Is 116651 a composite number?
True
Is 19553 a composite number?
False
Is 908141 a prime number?
False
Is 177697 a composite number?
True
Is 463433 a composite number?
False
Is 70139 prime?
True
Is 28738 a prime number?
False
Is 37781 composite?
False
Is 64919 composite?
False
Is 6823 prime?
True
Is 108457 prime?
True
Is 4177 prime?
True
Is 131231 a composite number?
False
Is 17462 prime?
False
Is 2757 prime?
False
Is 114549 composite?
True
Is 261223 a prime number?
True
Is 650059 a composite number?
False
Is 235783 a composite number?
False
Is 220051 a composite number?
True
Is 69539 a prime number?
True
Is 453655 a prime number?
False
Is 406447 a prime number?
True
Is 23971 composite?
False
Is 35209 a prime number?
False
Is 264203 a composite number?
True
Is 777037 a composite number?
True
Is 12697 a composite number?
False
Is 4589 prime?
False
Is 283331 a composite number?
True
Is 1721 prime?
True
Is 451823 a composite number?
False
Is 652573 composite?
False
Is 527561 composite?
True
Is 143407 a prime number?
False
Is 853687 prime?
True
Is 2579 a composite number?
False
Is 201281 prime?
True
Is 37781 a prime number?
True
Is 872363 prime?
False
Is 32957 a composite number?
False
Is 39677 a composite number?
True
Is 201613 a composite number?
True
Is 274 composite?
True
Is 16307 composite?
True
Is 19889 prime?
True
Is 1809587 a prime number?
False
Is 537 prime?
False
Is 12723 a composite number?
True
Is 107369 a composite number?
True
Is 17827 a prime number?
True
Is 410645 prime?
False
Is 31307 a prime number?
True
Is 104579 prime?
True
Is 407119 a prime number?
True
Is 2819 a composite number?
False
Is 396697 a composite number?
True
Is 51079 a composite number?
True
Is 446753 a prime number?
True
Is 6283331 a composite number?
False
Is 35011 a prime number?
False
Is 5381 composite?
False
Is 6369157 a composite number?
True
Is 959 a prime number?
False
Is 11579 a prime number?
True
Is 5645 composite?
True
Is 68683 composite?
False
Is 355187 a prime number?
False
Is 10477 a prime number?
True
Is 23857 a composite number?
False
Is 1195 a composite number?
True
Is 270953 a prime number?
True
Is 1766957 a composite number?
True
Is 47317 prime?
True
Is 23137 a composite number?
True
Is 317 prime?
True
Is 49307 composite?
False
Is 58241 composite?
True
Is 139661 composite?
False
Is 58501 prime?
False
Is 26843 prime?
False
Is 561449 prime?
False
Is 306143 composite?
True
Is 1022869 composite?
False
Is 6103 composite?
True
Is 8663 composite?
False
Is 9173 a prime number?
True
Is 5793 prime?
False
Is 41353 prime?
False
Is 449051 prime?
True
Is 205289 prime?
False
Is 700621 composite?
True
Is 288601 a composite number?
True
Is 439 composite?
False
Is 1850803 a prime number?
True
Is 391159 a prime number?
True
Is 27623 composite?
True
Is 5471 a prime number?
True
Is 1901 composite?
False
Is 3719 composite?
False
Is 1468963 prime?
True
Is 11435 a prime number?
False
Is 7466683 prime?
False
Is 191305 composite?
True
Is 1692013 a composite number?
False
Is 512515 a prime number?
False
Is 1285937 a composite number?
False
Is 194963 prime?
True
Is 9967 prime?
True
Is 178049 a composite number?
True
Is 258277 a composite number?
False
Is 1398973 prime?
True
Is 152869 a composite number?
True
Is 465753 a prime number?
False
Is 283723 prime?
False
Is 5177 a composite number?
True
Is 10301 composite?
False
Is 866 a composite number?
True
Is 13701 prime?
False
Is 40249 prime?
False
Is 2203 composite?
False
Is 336269 composite?
True
Is 2545 a prime number?
False
Is 97259 prime?
True
Is 5266 a composite number?
True
Is 145874 prime?
False
Is 3867 prime?
False
Is 28477 composite?
False
Is 1049855 a prime number?
False
Is 841979 a prime number?
True
Is 46333 a prime number?
False
Is 21211 prime?
True
Is 34211 composite?
False
Is 33107 a composite number?
False
Is 228167 prime?
False
Is 720059 a prime number?
True
Is 11177 a composite number?
False
Is 15149 a composite number?
False
Is 35141 a composite number?
False
Is 15869 prime?
False
Is 331 a composite number?
False
Is 389237 a prime number?
False
Is 161303 a composite number?
False
Is 204427 a composite number?
False
Is 10301 a prime number?
True
Is 31957 a prime number?
True
Is 6059915 prime?
False
Is 56519 composite?
False
Is 7993 a composite number?
False
Is 30922 composite?
True
Is 90713 prime?
False
Is 16823 prime?
True
Is 372205 composite?
True
Is 1903 prime?
False
Is 114265 prime?
False
Is 36193 a prime number?
False
Is 6563 composite?
False
Is 183131 composite?
True
Is 96601 a prime number?
True
Is 159971 prime?
False
Is 3468991 a prime number?
True
Is 10589 prime?
True
Is 82163 prime?
True
Is 85487 a composite number?
False
Is 334681 composite?
False
Is 5981 composite?
False
Is 12759 prime?
False
Is 861229 a prime number?
False
Is 410867 prime?
False
Is 7247 a prime number?
True
Is 16921 composite?
False
Is 8681 a prime number?
True
Is 5953 composite?
False
Is 691 prime?
True
Is 534827 a composite number?
False
Is 351737 composite?
True
Is 44537 a composite number?
False
Is 522017 composite?
False
Is 614605 prime?
False
Is 13157 composite?
True
Is 2008187 composite?
True
Is 167387 a composite number?
True
Is 1426519 prime?
True
Is 81899 composite?
False
Is 1517 a prime number?
False
Is 7901 a composite number?
False
Is 82721 prime?
True
Is 407761 composite?
True
Is 1640641 prime?
True
Is 21971 a prime number?
False
Is 11651 composite?
True
Is 1135997 a composite number?
False
Is 15253 prime?
False
Is 569957 composite?
False
Is 57037 a composite number?
False
Is 56983 a prime number?
True
Is 34909 prime?
False
Is 121391 a prime number?
False
Is 33947 prime?
False
Is 50497 a prime number?
True
Is 1110689 prime?
False
Is 232709 prime?
True
Is 2891671 prime?
True
Is 116437 prime?
True
Is 530815 a prime number?
False
Is 23105 a composite number?
True
Is 11579 a composite number?
False
Is 4829257 composite?
False
Is 113891 composite?
False
Is 11251687 a prime number?
True
Is 45419 prime?
False
Is 7079 composite?
False
Is 240979 composite?
True
Is 36323 prime?
False
Is 445 a composite number?
True
Is 1522385 a prime number?
False
Is 12178 a prime number?
False
Is 34535 a composite number?
True
Is 1954781 a prime number?
False
Is 9803 prime?
True
Is 7993 prime?
True
Is 1100161 a prime number?
True
Is 1973 a prime number?
True
Is 387319 a prime number?
False
Is 275897 a prime number?
True
Is 72587 a composite number?
True
Is 124393 a prime number?
False
Is 9587 a prime number?
True
Is 17503 prime?
False
Is 318581 a composite number?
False
Is 27923 composite?
True
Is 190109 prime?
False
Is 32101 a prime number?
False
Is 7711 a composite number?
True
Is 163393 prime?
True
Is 5342663 prime?
False
Is 928153 a composite number?
False
Is 145949 a prime number?
True
Is 21149 composite?
False
Is 15817 a prime number?
True
Is 10949 prime?
True
Is 488101 composite?
True
Is 21029 prime?
False
Is 213791 prime?
True
Is 231779 prime?
True
Is 2263 a prime number?
False
Is 1415 a composite number?
True
Is 202277 a composite number?
False
Is 628993 prime?
True
Is 36139 prime?
False
Is 656671 composite?
False
Is 999599 a prime number?
True
Is 5921 prime?
False
Is 36641 prime?
False
Is 105267 a prime number?
False
Is 3631 a composite num